 is the highest common factor of 470 and 31174040?
10
What is the greatest common factor of 18480 and 266772?
132
What is the greatest common divisor of 4278577 and 502163?
1853
What is the highest common divisor of 594 and 24042?
6
What is the greatest common divisor of 697 and 407004089?
697
What is the greatest common factor of 3155 and 1014065?
5
What is the greatest common factor of 42848578 and 642?
214
What is the greatest common factor of 9937144 and 11116?
28
What is the highest common factor of 9664 and 172464?
16
Calculate the greatest common divisor of 107576768 and 1195.
239
Calculate the greatest common divisor of 11361312 and 27.
9
What is the highest common factor of 52369944 and 164295?
3651
What is the highest common factor of 4182 and 16768426?
1394
Calculate the greatest common divisor of 133589 and 25276.
89
What is the highest common factor of 91661130 and 2662?
242
Calculate the greatest common divisor of 810 and 4121298.
18
Calculate the highest common factor of 1110 and 18341270.
370
Calculate the greatest common factor of 19568240 and 240.
80
What is the greatest common factor of 878264 and 1020080?
2488
What is the greatest common divisor of 7 and 6178942?
7
What is the highest common divisor of 1781014 and 5312?
166
Calculate the greatest common divisor of 236 and 301365805.
59
What is the highest common divisor of 56760 and 10553576?
3784
Calculate the highest common factor of 256 and 12476832.
32
What is the highest common factor of 751593 and 4401?
489
What is the highest common factor of 23870053 and 16552?
2069
What is the highest common factor of 435 and 772563480?
435
What is the highest common factor of 135869070 and 65840?
8230
Calculate the greatest common factor of 77588345 and 134.
67
Calculate the greatest common divisor of 1734312 and 47244.
1524
Calculate the highest common factor of 2199806 and 20286.
98
What is the greatest common divisor of 1650626 and 1178?
62
What is the highest common factor of 1223612 and 2236?
52
Calculate the highest common factor of 26768 and 50128.
16
Calculate the greatest common divisor of 33227601 and 231.
33
What is the highest common factor of 154580 and 269394?
118
What is the highest common factor of 837 and 147078198?
279
Calculate the highest common factor of 175 and 14551775.
175
Calculate the highest common factor of 67334 and 1028.
514
Calculate the greatest common divisor of 27300735 and 189.
63
Calculate the greatest common divisor of 2431836 and 4765772.
3916
Calculate the highest common divisor of 60140313 and 2187.
2187
What is the greatest common factor of 2256376 and 4206701?
6001
Calculate the greatest common divisor of 337146 and 36769.
83
Calculate the highest common divisor of 8242311 and 462.
231
What is the highest common divisor of 79301376 and 48?
48
Calculate the greatest common factor of 336083 and 264.
11
Calculate the greatest common factor of 11936592 and 11664.
432
What is the highest common factor of 17634168 and 152?
8
Calculate the highest common divisor of 2628 and 14701689.
657
Calculate the highest common factor of 20909058 and 174.
174
What is the highest common divisor of 1052520 and 1320?
120
Calculate the greatest common divisor of 48015 and 17380.
55
Calculate the highest common divisor of 1868854917 and 29.
29
What is the highest common divisor of 75 and 298249560?
15
What is the greatest common divisor of 125508 and 1884?
12
What is the greatest common divisor of 722 and 5542566?
38
Calculate the highest common divisor of 318587 and 341.
31
What is the highest common divisor of 5314984 and 550639?
1387
What is the highest common divisor of 3260958 and 124658?
794
Calculate the greatest common factor of 22 and 24721059.
11
What is the highest common factor of 1040 and 207820912?
208
What is the greatest common factor of 7665 and 498898425?
1095
Calculate the greatest common divisor of 50337 and 246211.
119
Calculate the highest common factor of 12194 and 1030666.
182
What is the highest common factor of 104542 and 223482?
626
Calculate the highest common divisor of 119201949 and 1701.
243
What is the greatest common divisor of 27873564 and 24?
12
What is the highest common factor of 16400 and 155080?
40
What is the highest common divisor of 25452 and 2635696?
2828
Calculate the highest common divisor of 32641891 and 8476.
163
Calculate the highest common factor of 333 and 1138329.
9
What is the highest common factor of 1393086 and 8058?
474
What is the highest common divisor of 763518 and 223979?
343
What is the highest common factor of 138250 and 334644?
158
Calculate the highest common divisor of 336674 and 150321.
563
What is the greatest common factor of 27812 and 22916?
68
What is the greatest common factor of 1866 and 69210562?
622
What is the highest common factor of 1601086 and 2512?
314
Calculate the greatest common divisor of 1738662 and 35746.
586
Calculate the highest common factor of 36870876 and 72.
36
Calculate the greatest common factor of 41712 and 49414026.
474
Calculate the highest common factor of 49 and 1520424675.
49
What is the greatest common factor of 2062815 and 211875?
1695
What is the greatest common factor of 1678787 and 143?
11
What is the greatest common divisor of 128 and 1161448?
8
Calculate the highest common divisor of 459772565 and 658.
329
What is the highest common divisor of 4828550 and 225?
25
What is the highest common factor of 3478420 and 293400?
3260
What is the greatest common divisor of 13650 and 57977010?
2730
What is the highest common factor of 138520172 and 3892?
3892
Calculate the highest common factor of 156 and 15971618.
26
What is the highest common factor of 620 and 1405940?
20
What is the greatest common factor of 14032 and 2866913?
877
What is the highest common divisor of 24226 and 150?
2
Calculate the highest common factor of 519705602 and 52.
26
Calculate the highest common divisor of 2604546 and 16272.
18
What is the highest common divisor of 312 and 54704424?
24
What is the highest common factor of 23779731 and 645?
129
What is the highest common divisor of 354 and 8653943?
59
Calculate the greatest common divisor of 374363977 and 3913.
559
Calculate the greatest common factor of 82885 and 40.
5
Calculate the greatest common divisor of 1598628 and 1654986.
606
Calculate the greatest common divisor of 10244364 and 1196.
52
Calculate the greatest common factor of 288940766 and 92.
46
What is the highest common divisor of 1114015 and 931?
49
Calculate the highest common divisor of 1952 and 183141520.
976
What is the highest common factor of 223592 and 29032?
152
Calculate the greatest common divisor of 765369567 and 81.
81
Calculate the highest common divisor of 73843 and 511.
7
What is the greatest common divisor of 76 and 93372346?
38
Calculate the greatest common divisor of 897467107 and 7222.
3611
What is the greatest common factor of 123894870 and 2442?
2442
Calculate the highest common divisor of 341 and 4434023.
341
Calculate the highest common divisor of 238 and 3913570.
34
Calculate the highest common divisor of 1387 and 209167922.
1387
What is the highest common divisor of 27302 and 1240932?
374
What is the greatest common divisor of 300482 and 4041394?
1778
What is the greatest common divisor of 2112 and 557688?
24
What is the highest common divisor of 42 and 12426778?
14
What is the greatest common factor of 308 and 4091122?
14
Calculate the highest common divisor of 60772 and 12.
4
What is the greatest common divisor of 148 and 51753158?
74
Calculate the highest common divisor of 1615 and 31829750.
95
Calculate the highest common divisor of 349 and 759043590.
349
Calculate the highest common factor of 7516 and 485.
1
Calculate the greatest common factor of 91977798 and 922.
922
Calculate the greatest common divisor of 39989713 and 677.
677
What is the greatest common factor of 1775880 and 1800?
360
What is the greatest common factor of 1742200 and 162440?
1240
What is the greatest common divisor of 62 and 974998918?
62
Calculate the greatest common factor of 309632 and 137760.
1312
Calculate the greatest common divisor of 211804 and 284.
4
What is the greatest common factor of 616 and 29850968?
56
Calculate the highest common divisor of 37359360 and 1944